{"id":1746,"date":"2021-10-12T15:24:23","date_gmt":"2021-10-12T12:24:23","guid":{"rendered":"http:\/\/www.ddtry.fi\/?page_id=1746"},"modified":"2021-10-12T16:46:54","modified_gmt":"2021-10-12T13:46:54","slug":"harrastuksia","status":"publish","type":"page","link":"https:\/\/www.ddtry.fi\/index.php\/harrastuksia\/","title":{"rendered":"Harrastuksia"},"content":{"rendered":"\n<p>Dandielle ei ole mit\u00e4\u00e4n rodunomaisia kokeita, mutta tokihan sen kanssa voi puuhata yht\u00e4 ja toista. T\u00e4ss\u00e4 muutamia esimerkkej\u00e4.<\/p>\n\n\n\n<h2 class=\"wp-block-heading\"><br>Nosework<\/h2>\n\n\n\n<p>Nosework on Suomessa suhteellisen uusi laji. Kyseess\u00e4 on eritt\u00e4in hauska harrastus, jota kannattaa ehdottomasti kokeilla. Se aktivoi sek\u00e4 koirien nen\u00e4n ett\u00e4 aivojen k\u00e4ytt\u00f6\u00e4 ja on koirille luontaista. Nen\u00e4ily ei aseta suuria fyysisi\u00e4 vaatimuksia koiralle eik\u00e4 ohjaajalle, se on mukavaa yhteist\u00e4 tekemist\u00e4 ja sen voi aloittaa koiran kanssa mink\u00e4 ik\u00e4isen\u00e4 tahansa. Koira opetetaan ensin tunnistamaan tietty haju (eukalyptus), ja sen j\u00e4lkeen se p\u00e4\u00e4see etsim\u00e4\u00e4n hajua erilaisissa ymp\u00e4rist\u00f6iss\u00e4. Kannattaa aloittaa ohjatusti, ja esimerkiksi Dandiep\u00e4ivill\u00e4 olemme kokeilleet alkeita parina vuonna. Alkeet opittuaan lajia voi harrastaa vaikka ihan vain kotona.<\/p>\n\n\n\n<p> <br><\/p>\n\n\n\n<figure class=\"wp-block-image size-full\"><img fetchpriority=\"high\" decoding=\"async\" width=\"900\" height=\"539\" src=\"https:\/\/www.ddtry.fi\/wp-content\/uploads\/2021\/10\/bertta-nose-by-eija-2.jpg\" alt=\"\" class=\"wp-image-1739\" srcset=\"https:\/\/www.ddtry.fi\/wp-content\/uploads\/2021\/10\/bertta-nose-by-eija-2.jpg 900w, https:\/\/www.ddtry.fi\/wp-content\/uploads\/2021\/10\/bertta-nose-by-eija-2-300x180.jpg 300w, https:\/\/www.ddtry.fi\/wp-content\/uploads\/2021\/10\/bertta-nose-by-eija-2-768x460.jpg 768w\" sizes=\"(max-width: 900px) 100vw, 900px\" \/><figcaption><em>Starring Starting A Scene harjoittelee Nosework -ajoneuvoetsint\u00e4\u00e4<br>kuva: Eija Makkonen<\/em><\/figcaption><\/figure>\n\n\n\n<p>Nosework -kokeet tulivat Kennelliiton koevalikoimaan vuonna 2020, ja sen j\u00e4lkeen nelj\u00e4 dandia on kilpaillut lajissa: Dunadan Contralto, Dunadan Mezzosoprano, Starring Starting A Scene ja Galbaras Coral Charm.<\/p>\n\n\n\n<h2 class=\"wp-block-heading\"><br>Tottelevaisuus<\/h2>\n\n\n\n<p>Dandie ei ole t\u00e4h\u00e4n lajiin maailman helpoin koulutettava, mutta onnistuu kyll\u00e4 kunhan ohjaaja keksii kullekin koiralle sopivat palkitsemis- ja motivointikeinot. Kannattaa ottaa haasteena! Kyll\u00e4 dandiekin oppii, tosin tottelevaisuusvaliosta haaveilevalle suosittelemme ehk\u00e4 viel\u00e4 rodun harkintaa.<\/p>\n\n\n\n<p> <br><\/p>\n\n\n\n<figure class=\"wp-block-image size-full\"><img decoding=\"async\" width=\"960\" height=\"583\" src=\"https:\/\/www.ddtry.fi\/wp-content\/uploads\/2021\/10\/toko_hannaperamaki.jpg\" alt=\"\" class=\"wp-image-1753\" srcset=\"https:\/\/www.ddtry.fi\/wp-content\/uploads\/2021\/10\/toko_hannaperamaki.jpg 960w, https:\/\/www.ddtry.fi\/wp-content\/uploads\/2021\/10\/toko_hannaperamaki-300x182.jpg 300w, https:\/\/www.ddtry.fi\/wp-content\/uploads\/2021\/10\/toko_hannaperamaki-768x466.jpg 768w\" sizes=\"(max-width: 960px) 100vw, 960px\" \/><figcaption><em>Mustget Fairplay tottelevaisuuskokeissa<br>kuva: Hanna Per\u00e4m\u00e4ki<\/em><\/figcaption><\/figure>\n\n\n\n<p>T\u00e4h\u00e4n menness\u00e4 parhaiten lajin parissa menestynyt dandie on Noella&#8217;s Coco Chanel, joka sai alokasluokan koulutustunnuksen l\u00e4hes 8 vuoden i\u00e4ss\u00e4, kilpailtuaan el\u00e4m\u00e4ns\u00e4 aikana kaikkiaan 5 kertaa. Sallin lis\u00e4ksi t\u00e4h\u00e4n menness\u00e4 kolme dandia on kilpaillut TOKOssa.<\/p>\n\n\n\n<h2 class=\"wp-block-heading\"><br>Agility<\/h2>\n\n\n\n<p>Soveltuvuus t\u00e4h\u00e4n lajiin riippuu hyvin pitk\u00e4lle yksil\u00f6st\u00e4, mutta jos kerran corgit ja m\u00e4yr\u00e4koirat niin miksei dandiekin? Ainakin agility tarjoaa touhukkaalle koiralle puuhaa ja v\u00e4h\u00e4n p\u00e4\u00e4nvaivaakin.<\/p>\n\n\n\n<p>Toistaiseksi historiakirjoissa on vain yksi dandie, joka on kilpaillut (ja jopa v\u00e4h\u00e4n p\u00e4rj\u00e4nnytkin) agilityssa. T\u00e4m\u00e4 urho oli Dunadan Selfish Giant, joka v. 1999-2001 k\u00e4vi kaikkiaan 24 kilpailussa ja vaikkei suoritusajoilla juhlittukaan, suoritukset olivat useimmiten virheett\u00f6mi\u00e4 ja h\u00e4nt\u00e4 heilui koko ajan. Joten kannattaa kokeilla!<\/p>\n\n\n\n<h2 class=\"wp-block-heading\"><br>Kaverikoiratoiminta<\/h2>\n\n\n\n<p>Ihmisrakkaana ja k\u00e4tev\u00e4n kokoisena dandie soveltuu t\u00e4h\u00e4n mainiosti. Ensimm\u00e4isen\u00e4 dandien\u00e4 kaverikoiraksi kouluttautui Strike Don Jos\u00e9 Enchanted, sen j\u00e4lkeen alalle on siirtynyt useampikin dandie. T\u00e4st\u00e4 arvokkaasta ty\u00f6st\u00e4 l\u00f6ytyy kiinnostuneille lis\u00e4tietoja Kennelliiton sivuilta.<\/p>\n\n\n\n<h2 class=\"wp-block-heading\"><br>J\u00e4ljest\u00e4minen<\/h2>\n\n\n\n<p>Nen\u00e4n k\u00e4ytt\u00f6 on useimmille koirille kovasti mieleist\u00e4 puuhaa, ja siit\u00e4 voi helposti kehitt\u00e4\u00e4 oikein kunnon harrastuksenkin. Aivan huvin vuoksi voi tehd\u00e4 koiralle esim. makkaraj\u00e4lke\u00e4, johon perehtym\u00e4t\u00f6n saa varmasti opastusta vaikkapa paikallisilta palveluskoiraharrastajilta. Jos taas suorastaan virallisiin kokeisiin osallistuminen kiinnostaa, niin dandie saa osallistua MEJ\u00c4-kokeisiin, joissa sen t\u00e4ytyy ajaa verij\u00e4lke\u00e4. T\u00e4h\u00e4n taiteenlajiin puolestaan voi saada lis\u00e4tietoja esim. tutuilta spanieliharrastajilta. T\u00e4t\u00e4 olemme harjoitelleet my\u00f6s parina vuonna Dandiep\u00e4ivill\u00e4.<\/p>\n\n\n\n<h2 class=\"wp-block-heading\"><br>Muuta<\/h2>\n\n\n\n<p>Luolakoirakokeisiin ainakin suurin osa dandeista ei todenn\u00e4k\u00f6isesti soveltuisi, koska luolaputki on ahdas ja dandien runko t\u00e4ytel\u00e4inen. Huhuja on joskus vuosien varrella kantautunut mets\u00e4styst\u00e4 harrastavista suomalaiskoirista, mutta valitettavasti tarkempia tietoja ei ole saatu &#8211; ei edes sit\u00e4, mink\u00e4 lajin mets\u00e4styksest\u00e4 oli kyse. Tiedot olisivat eritt\u00e4in tervetulleita, jos n\u00e4m\u00e4 huhut pit\u00e4v\u00e4t paikkansa.<br><\/p>\n\n\n\n<ul class=\"wp-block-list\"><li>Harrastatko dandiesi kanssa n\u00e4it\u00e4 tai per\u00e4ti jotain muuta? Jos vastaus on kyll\u00e4, jaamme mielell\u00e4mme tarinoita n\u00e4ill\u00e4 sivuilla ja my\u00f6s DDT-lehdess\u00e4. Ota yhteytt\u00e4!<\/li><\/ul>\n","protected":false},"excerpt":{"rendered":"<p>Dandielle ei ole mit\u00e4\u00e4n rodunomaisia kokeita, mutta tokihan sen kanssa voi puuhata yht\u00e4 ja toista. T\u00e4ss\u00e4 muutamia esimerkkej\u00e4. Nosework Nosework on Suomessa suhteellisen uusi laji.&hellip;<\/p>\n","protected":false},"author":1,"featured_media":0,"parent":0,"menu_order":0,"comment_status":"closed","ping_status":"closed","template":"","meta":{"footnotes":""},"class_list":["post-1746","page","type-page","status-publish","hentry"],"_links":{"self":[{"href":"https:\/\/www.ddtry.fi\/index.php\/wp-json\/wp\/v2\/pages\/1746","targetHints":{"allow":["GET"]}}],"collection":[{"href":"https:\/\/www.ddtry.fi\/index.php\/wp-json\/wp\/v2\/pages"}],"about":[{"href":"https:\/\/www.ddtry.fi\/index.php\/wp-json\/wp\/v2\/types\/page"}],"author":[{"embeddable":true,"href":"https:\/\/www.ddtry.fi\/index.php\/wp-json\/wp\/v2\/users\/1"}],"replies":[{"embeddable":true,"href":"https:\/\/www.ddtry.fi\/index.php\/wp-json\/wp\/v2\/comments?post=1746"}],"version-history":[{"count":8,"href":"https:\/\/www.ddtry.fi\/index.php\/wp-json\/wp\/v2\/pages\/1746\/revisions"}],"predecessor-version":[{"id":1759,"href":"https:\/\/www.ddtry.fi\/index.php\/wp-json\/wp\/v2\/pages\/1746\/revisions\/1759"}],"wp:attachment":[{"href":"https:\/\/www.ddtry.fi\/index.php\/wp-json\/wp\/v2\/media?parent=1746"}],"curies":[{"name":"wp","href":"https:\/\/api.w.org\/{rel}","templated":true}]}}