{"id":1704,"date":"2021-10-12T13:08:47","date_gmt":"2021-10-12T10:08:47","guid":{"rendered":"http:\/\/www.ddtry.fi\/?page_id=1704"},"modified":"2021-10-12T13:13:34","modified_gmt":"2021-10-12T10:13:34","slug":"trimmausohje","status":"publish","type":"page","link":"https:\/\/www.ddtry.fi\/index.php\/trimmausohje\/","title":{"rendered":"Trimmausohje"},"content":{"rendered":"\n<p><br>Dandien turkki trimmataan 2-4 kertaa vuodessa ja ehdottomasti sormin nyppim\u00e4ll\u00e4. Jos olet harjaantunut trimmaaja, voit toki k\u00e4ytt\u00e4\u00e4 apunasi trimmausveitsi\u00e4, mutta trimmauksen opettelu kannattaa aloittaa ilman apuv\u00e4lineit\u00e4. Jos haluat s\u00e4\u00e4st\u00e4\u00e4 sormenp\u00e4it\u00e4si, voit laittaa kumiset sormustimet peukaloon ja etusormeen tai leikata kumihanskoista irti sormenp\u00e4\u00e4t ja laittaa omiin sormiisi niist\u00e4 suojukset.<br><\/p>\n\n\n\n<p><br>Eth\u00e4n pese koiraa pariin viikkoon ennen trimmaamista!<br><br>Samppoopuhtaan koiran karva on todella tiukassa, likainen ja ns. &#8221;kyps\u00e4&#8221; (tarpeeksi pitk\u00e4) karva irtoaa helposti ja kivutta.<br><br>Sitten vain nyppim\u00e4\u00e4n! Ota pieni, ohut tuppo (muutama karva) karvaa peukalon ja etusormen v\u00e4liin ja nypp\u00e4ise karvan kasvusuuntaan. Karvan kasvusuuntaan ty\u00f6skenteleminen on t\u00e4rke\u00e4\u00e4! Vastakarvaan nyppiminen tekee kipe\u00e4\u00e4. Poista karkeat karvat, j\u00e4t\u00e4 alusvilla paikoilleen. Mik\u00e4li villaa on paljon, voit kyll\u00e4 hieman ohentaa sit\u00e4kin. Villa on yleens\u00e4 huomattavasti tiukemmassa kuin karhea karva, joten ole varovainen ettet satuta koiraa tai saa rakkoja sormenp\u00e4ihisi.<\/p>\n\n\n\n<ol class=\"wp-block-list\"><li>Aloita nyppiminen niskakyhmyst\u00e4. Kampaa ensin p\u00e4\u00e4laen karvat p\u00e4\u00e4n p\u00e4\u00e4lle ettet vahingossa nypi niit\u00e4. Niit\u00e4 ei koskaan nypit\u00e4. Nypi sitten niska ja kaula.<\/li><li>Kaulan ja korvan alla seuraa poskiluun rajaa. Kuonon puolelle j\u00e4tet\u00e4\u00e4n partakarvat, kaulan puolelta nypit\u00e4\u00e4n.<\/li><li>Kaula nypit\u00e4\u00e4n edess\u00e4 alhaalla rintaluuhun asti. Jos koiralla on kovin lyhyt kaula, voit nyppi\u00e4 hieman luun p\u00e4\u00e4lt\u00e4kin.<\/li><li>Jatka sitten selk\u00e4\u00e4 pitkin kohti koiran per\u00e4p\u00e4\u00e4t\u00e4. Nypi koko runko. J\u00e4t\u00e4 kylkien sivuille koristekarvat &#8221;helmoiksi&#8221;. Helmojen tulisi korostaa koiran sel\u00e4n kaarta. Helmojen ja karkean karvat rajat eiv\u00e4t saisi olla selke\u00e4t, vaan helmojen tulisi alkaa liukuvasti, pikku hiljaa. T\u00e4ss\u00e4 nyppimisvaiheessa ne toki v\u00e4ist\u00e4m\u00e4tt\u00e4 j\u00e4\u00e4v\u00e4t melkoisen selkeiksi. Helman py\u00f6re\u00e4 kaari my\u00f6s jatkaa p\u00e4\u00e4n ja kylkien py\u00f6re\u00e4\u00e4 muotoa. Mik\u00e4li helmat ovat hyvin pitk\u00e4t, voit hieman lyhent\u00e4\u00e4 niit\u00e4 saksin. Muotoile helmat seuraamaan rungon ja jalkojen pehmeit\u00e4 kaaria. My\u00f6sk\u00e4\u00e4n helmat eiv\u00e4t saisi n\u00e4ytt\u00e4\u00e4 leikatuilta.<\/li><li>Nypi h\u00e4nn\u00e4n p\u00e4\u00e4lt\u00e4 karheat karvat pois ja j\u00e4t\u00e4 h\u00e4nn\u00e4n alle koristekarvat niin, ett\u00e4 ne muodostavat sapelimaisen viirin.<\/li><li>Siisti tassukarvat sek\u00e4 edest\u00e4 ett\u00e4 takaa niin, ettei sinne j\u00e4\u00e4 hapsottavia takkuja. Tassut siistit\u00e4\u00e4n saksilla. Raajojen tulisi n\u00e4ytt\u00e4\u00e4 suorilta sek\u00e4 edest\u00e4 ett\u00e4 takaa katsottuna. Muotoile karva niin, ett\u00e4 syntyy vaikutelma suorista raajoista, vaikkeiv\u00e4t ne ihan suorat olisikaan.<br><br>Poista hapsottavat tupsut my\u00f6s raajojen sis\u00e4pinnoilta. Py\u00f6rist\u00e4 sitten tassukarvat siten, ett\u00e4 seuraat tassun linjaa. Voit lyhent\u00e4\u00e4 sen verran, ett\u00e4 kynsien k\u00e4rjet n\u00e4kyv\u00e4t hieman.<\/li><li>Muotoile helmat edest\u00e4 loivan kaaren muotoon. Helmat muotoillaan nyppim\u00e4ll\u00e4 karvaa rinnasta ja kaulasta. Itse helmakarvoihin ei tarvitse koskea jos eiv\u00e4t ole tolkuttoman paksut. Ne saavat olla sellaiset kuin ovat. Joillain hyvin villavilla koirilla niit\u00e4 saattaa hieman joutua lyhent\u00e4m\u00e4\u00e4n. Se tapahtuu saksin. Kun teet eturinnan helmakarvoihin loivan kaaren, v\u00e4ltyt jyrkilt\u00e4 rajoilta karhean karvan vaihtuessa pehme\u00e4ksi helmakarvaksi. Helmakarvat sulautuvat huomaamattomasti jalkojen koristekarvoitukseen.<\/li><li>P\u00e4\u00e4n tulisi n\u00e4ytt\u00e4\u00e4 py\u00f6re\u00e4lt\u00e4 sek\u00e4 sivulta ett\u00e4 edest\u00e4 katsottuna. P\u00e4\u00e4n karvoituksen saa antaa kasvaa melko pitk\u00e4ksi. Ellei top knotti ole luonnostaan py\u00f6re\u00e4, se muotoillaan saksin. Mik\u00e4li otsatukka alkaa kaatua liikaa silmille, erota siit\u00e4 ohuen ohut (muutaman karvan levyinen) kaistale ja lyhenn\u00e4 sit\u00e4 hieman enemm\u00e4n, ett\u00e4 se tukee p\u00e4\u00e4laen karvat pois silmilt\u00e4. Nypi korvat niin, ett\u00e4 j\u00e4t\u00e4t niiden alareunaan sulkaa muistuttavan tupsun. Tupsun ei tule olla liian iso ja sen tulisi olla sulkamainen, p\u00e4\u00e4st\u00e4 kapeneva. Tupsun roikkuvaa osaa voi tarvittaessa muotoilla saksilla.<\/li><\/ol>\n\n\n\n<p>P\u00e4\u00e4n karvat ja parta muotoillaan saksilla (ohennussakset ovat t\u00e4h\u00e4n tarkoitukseen parhaat!) tai karvat murretaan sormin katki. Niit\u00e4 ei nypit\u00e4. Kampaa top knotti pystyyn ja py\u00f6rist\u00e4 se varovasti. Leikkaa karvoista vain aivan k\u00e4rjet ettei tukkatupsusta tule liian lyhyt. Ole kuitenkin varovainen, ettei lopputulos ole villakoiramaisesti leikatun n\u00e4k\u00f6inen. Ideana on se, ett\u00e4 koirasta ei huomaa onko siihen k\u00e4ytetty saksia vai ei.<\/p>\n\n\n\n<ol class=\"wp-block-list\" start=\"9\"><li>Leikkaa kuonon sel\u00e4st\u00e4 karvat noin kirsun leveydelt\u00e4. Aloita kirsusta ja etene kohti otsapengert\u00e4 eli stoppia. Stoppiin j\u00e4tet\u00e4\u00e4n karvat, siihen asti lyhennet\u00e4\u00e4n. Leikkaa kuonon suuntaisesti, \u00e4l\u00e4 poikittain ettei kuonon p\u00e4\u00e4ll\u00e4 oleviin karvoihin j\u00e4\u00e4 rumia koloja ja lovia. Kuononsel\u00e4n karva saa olla hyvin lyhytt\u00e4. My\u00f6sk\u00e4\u00e4n sen ei tulisi n\u00e4ytt\u00e4\u00e4 leikatulta. Siksi ohennussakset sopivat my\u00f6s t\u00e4h\u00e4n parhaiten.<\/li><\/ol>\n\n\n\n<p>\u00c4l\u00e4 leikkaa top knotin (tukkatupsu) karvoja liian lyhyiksi. Dandien p\u00e4\u00e4n tulisi n\u00e4ytt\u00e4\u00e4 edest\u00e4 p\u00e4in katsottuna py\u00f6re\u00e4lt\u00e4! Top knotin karvojen tulisi peitt\u00e4\u00e4 suurin osa korvista niin, etteiv\u00e4t korvat loista top knotin seasta ja n\u00e4yt\u00e4 h\u00f6r\u00f6korvilta. Liian yl\u00f6s nypityt korvat saavat lis\u00e4ksi kallon n\u00e4ytt\u00e4m\u00e4\u00e4n turhan kapealta ja pilaavat p\u00e4\u00e4n ilmeen.<\/p>\n\n\n\n<ol class=\"wp-block-list\" start=\"10\"><li>Siisti partaa leukaperist\u00e4 niin, ett\u00e4 se ei ole tolkuttoman paksu ja ett\u00e4 kaulan ja korvien alla liittym\u00e4kohta parrasta rungon karheaan karvaan on sulava. Kun lasket korvan alas ja katsot koiran p\u00e4\u00e4t\u00e4 sivulta p\u00e4in, korvan takaa ei saisi n\u00e4ky\u00e4 hapsottavia karvatuppoja. Parras tulee siis korvan alta olla niin lyhyt, etteiv\u00e4t karvat n\u00e4y korvan takaa. \u00c4l\u00e4 kuitenkaan leikkaa partaa liian lyhyeksi leuan alta, sielt\u00e4 l\u00e4helt\u00e4 alaetuhampaita. J\u00e4t\u00e4 se ennemmin sielt\u00e4 terrierim\u00e4isesti hieman pitemm\u00e4ksi ja ota sit\u00e4 hieman lyhyemm\u00e4ksi kurkkua kohden ment\u00e4ess\u00e4. \u00c4l\u00e4 tee kuitenkaan ihan niin korostunutta muotoa kuin mit\u00e4 snautsereilla kuuluu olla, vaan muotoile parta hieman pehme\u00e4mmin (katso kuvaa alla).<\/li><\/ol>\n\n\n\n<p>Jos koiralla on kovasti pitk\u00e4t ripset, voit nyppi\u00e4 ne pois. Ne kasvavat takaisin paksumpina ja pit\u00e4v\u00e4t otsan karvat poissa silmist\u00e4. Siisti my\u00f6s korvien sis\u00e4pinnat hapsottavista karvoista ja poista korvak\u00e4yt\u00e4v\u00e4st\u00e4 mahdollisesti ulos kasvavat karvat, ett\u00e4 korvak\u00e4yt\u00e4v\u00e4 p\u00e4\u00e4see tuulettumaan. Yl\u00e4kuvassa n\u00e4kyy korvalehden pinnalla viel\u00e4 poistamattomat hapsottavat karvat.<\/p>\n\n\n\n<p><br>Dandie puhuttelee ilmeell\u00e4\u00e4n ja olemuksellaan! Kauniissa turkissa oleva dandie on ilo paitsi omistajan, niin my\u00f6s muiden silmille.<\/p>\n\n\n\n<p><br>Lis\u00e4\u00e4 trimmausneuvoja saat kasvattajaltasi!<\/p>\n\n\n\n<p><br><em>kuvat ja teksti: Minna Repo<br>\u00a9 Dandiedinmontinterrierit  &#8211; DDT ry<\/em><\/p>\n\n\n\n<p><\/p>\n","protected":false},"excerpt":{"rendered":"<p>Dandien turkki trimmataan 2-4 kertaa vuodessa ja ehdottomasti sormin nyppim\u00e4ll\u00e4. Jos olet harjaantunut trimmaaja, voit toki k\u00e4ytt\u00e4\u00e4 apunasi trimmausveitsi\u00e4, mutta trimmauksen opettelu kannattaa aloittaa ilman&hellip;<\/p>\n","protected":false},"author":1,"featured_media":0,"parent":0,"menu_order":0,"comment_status":"closed","ping_status":"closed","template":"","meta":{"footnotes":""},"class_list":["post-1704","page","type-page","status-publish","hentry"],"_links":{"self":[{"href":"https:\/\/www.ddtry.fi\/index.php\/wp-json\/wp\/v2\/pages\/1704","targetHints":{"allow":["GET"]}}],"collection":[{"href":"https:\/\/www.ddtry.fi\/index.php\/wp-json\/wp\/v2\/pages"}],"about":[{"href":"https:\/\/www.ddtry.fi\/index.php\/wp-json\/wp\/v2\/types\/page"}],"author":[{"embeddable":true,"href":"https:\/\/www.ddtry.fi\/index.php\/wp-json\/wp\/v2\/users\/1"}],"replies":[{"embeddable":true,"href":"https:\/\/www.ddtry.fi\/index.php\/wp-json\/wp\/v2\/comments?post=1704"}],"version-history":[{"count":5,"href":"https:\/\/www.ddtry.fi\/index.php\/wp-json\/wp\/v2\/pages\/1704\/revisions"}],"predecessor-version":[{"id":1713,"href":"https:\/\/www.ddtry.fi\/index.php\/wp-json\/wp\/v2\/pages\/1704\/revisions\/1713"}],"wp:attachment":[{"href":"https:\/\/www.ddtry.fi\/index.php\/wp-json\/wp\/v2\/media?parent=1704"}],"curies":[{"name":"wp","href":"https:\/\/api.w.org\/{rel}","templated":true}]}}